nd 1834.
131
What is the highest common divisor of 172 and 301?
43
Calculate the greatest common factor of 21 and 138.
3
What is the greatest common factor of 37 and 5?
1
Calculate the greatest common divisor of 2 and 26.
2
What is the highest common factor of 3537 and 262?
131
What is the highest common divisor of 42 and 483?
21
Calculate the highest common factor of 4184 and 8.
8
What is the highest common divisor of 64 and 24?
8
Calculate the greatest common factor of 88 and 1958.
22
Calculate the highest common divisor of 12 and 932.
4
What is the highest common divisor of 12 and 1500?
12
What is the greatest common divisor of 1325 and 50?
25
What is the highest common factor of 1884 and 2983?
157
What is the greatest common divisor of 928 and 128?
32
Calculate the greatest common divisor of 3656 and 24.
8
What is the greatest common divisor of 69 and 15?
3
Calculate the greatest common factor of 276 and 621.
69
What is the greatest common factor of 112003 and 31?
31
Calculate the greatest common divisor of 10 and 2.
2
What is the greatest common divisor of 76 and 12958?
38
What is the highest common factor of 575 and 3565?
115
Calculate the highest common divisor of 304 and 361.
19
What is the highest common divisor of 19 and 19?
19
Calculate the greatest common factor of 4309 and 217.
31
What is the greatest common factor of 3139 and 73?
73
Calculate the highest common divisor of 22 and 46.
2
Calculate the highest common divisor of 147 and 28.
7
What is the greatest common factor of 6 and 12?
6
What is the highest common divisor of 363 and 33?
33
Calculate the highest common factor of 10094 and 392.
98
What is the highest common factor of 3 and 2?
1
Calculate the greatest common divisor of 200 and 40100.
100
What is the highest common factor of 79 and 1185?
79
What is the highest common factor of 180 and 5310?
90
Calculate the highest common factor of 5634 and 36.
18
What is the highest common divisor of 801 and 9?
9
What is the highest common divisor of 3213 and 252?
63
What is the greatest common divisor of 252 and 4356?
36
Calculate the greatest common factor of 131 and 18340.
131
What is the highest common factor of 1012 and 132?
44
Calculate the greatest common factor of 122 and 549.
61
What is the highest common factor of 1216 and 57?
19
Calculate the highest common divisor of 1472 and 322.
46
What is the greatest common factor of 302 and 84862?
302
What is the greatest common factor of 1143 and 72?
9
Calculate the greatest common factor of 16 and 16.
16
Calculate the highest common factor of 704 and 1144.
88
What is the greatest common factor of 5771 and 796?
199
Calculate the highest common factor of 1311 and 161.
23
What is the highest common factor of 95 and 171?
19
Calculate the greatest common factor of 36 and 816.
12
Calculate the highest common divisor of 8 and 512.
8
What is the highest common factor of 18 and 1233?
9
What is the greatest common factor of 9746 and 22?
22
Calculate the greatest common factor of 18 and 279.
9
What is the highest common factor of 108 and 33?
3
Calculate the highest common divisor of 32 and 208.
16
What is the greatest common factor of 247 and 38?
19
Calculate the highest common factor of 2619 and 216.
27
Calculate the greatest common divisor of 60 and 4785.
15
What is the highest common factor of 72 and 1044?
36
Calculate the highest common factor of 29 and 10991.
29
What is the highest common factor of 228 and 96?
12
What is the highest common factor of 65 and 637?
13
What is the highest common divisor of 52 and 247?
13
Calculate the greatest common divisor of 401 and 2807.
401
What is the highest common factor of 53 and 159?
53
Calculate the greatest common factor of 187 and 11.
11
Calculate the highest common factor of 125 and 100.
25
Calculate the highest common factor of 55 and 44.
11
What is the highest common factor of 2189 and 22?
11
What is the highest common divisor of 119 and 14?
7
Calculate the greatest common factor of 64 and 48.
16
Calculate the highest common divisor of 28 and 2527.
7
Calculate the highest common divisor of 23 and 30935.
23
What is the highest common divisor of 8227 and 38?
19
Calculate the highest common divisor of 235 and 5.
5
Calculate the greatest common divisor of 60 and 820.
20
What is the greatest common factor of 22 and 77858?
22
Calculate the highest common factor of 89 and 2.
1
Calculate the greatest common factor of 13 and 3081.
13
What is the greatest common factor of 2119 and 2934?
163
Calculate the greatest common factor of 112 and 308.
28
What is the greatest common factor of 17582 and 894?
298
Calculate the greatest common divisor of 48 and 804.
12
Calculate the greatest common divisor of 2144 and 16.
16
What is the greatest common divisor of 3264 and 255?
51
What is the greatest common factor of 1170 and 126?
18
Calculate the greatest common factor of 28 and 238.
14
What is the greatest common divisor of 1062 and 767?
59
What is the greatest common divisor of 180 and 288?
36
Calculate the highest common factor of 46 and 2.
2
What is the highest common divisor of 80 and 25?
5
Calculate the highest common factor of 2204 and 228.
76
Calculate the highest common factor of 100 and 20.
20
What is the greatest common divisor of 485 and 1649?
97
What is the highest common factor of 36 and 9252?
36
Calculate the greatest common factor of 62 and 4898.
62
What is the greatest common divisor of 88 and 8?
8
What is the highest common divisor of 9 and 864?
9
What is the greatest common divisor of 8 and 1?
1
Calculate the greatest common factor of 258 and 172.
86
What is the highest common factor of 364 and 156?
52
Calculate the highest common factor of 333 and 78.
3
What is the highest common divisor of 74 and 703?
37
Calculate the greatest common factor of 68 and 85.
17
What is the greatest common factor of 28 and 9954?
14
What is the greatest common factor of 36 and 180?
36
Calculate the highest common factor of 1664 and 364.
52
Calculate the greatest common factor of 525 and 105.
105
Calculate the greatest common factor of 2590 and 35.
35
What is the greatest common divisor of 5 and 1003?
1
What is the highest common divisor of 8940 and 60?
60
Calculate the highest common factor of 49 and 7.
7
Calculate the highest common divisor of 103 and 1.
1
What is the greatest common factor of 180 and 3340?
20
What is the greatest common divisor of 2449 and 124?
31
Calculate the highest common divisor of 2431 and 286.
143
Calculate the highest common factor of 351 and 513.
27
Calculate the greatest common divisor of 5460 and 35.
35
Calculate the highest common divisor of 7849 and 47.
47
What is the greatest common factor of 319 and 11?
11
What is the highest common divisor of 14 and 602?
14
What is the greatest common factor of 6726 and 1?
1
What is the greatest common factor of 287 and 154?
7
Calculate the greatest common factor of 4048 and 374.
22
What is the greatest common divisor of 570 and 1515?
15
Calculate the highest common factor of 102 and 170.
34
Calculate the highest common divisor of 290 and 174.
58
Calculate the highest common divisor of 1166 and 1060.
106
What is the greatest common factor of 777 and 63?
21
What is the greatest common divisor of 12 and 52?
4
What is the greatest common divisor of 157 and 20?
1
Calculate the highest common divisor of 648 and 384.
24
Calculate the highest common factor of 8481 and 33.
33
Calculate the greatest common factor of 56 and 1736.
56
Calculate the greatest common factor of 5434 and 19.
19
Calculate the highest common divisor of 65 and 117.
13
Calculate the greatest common factor of 672 and 2400.
96
Calculate the greatest common factor of 837 and 27.
27
What is the greatest common divisor of 102 and 867?
51
Calculate the highest common factor of 14345 and 380.
95
What is the greatest common divisor of 1410 and 5076?
282
Calculate the greatest common factor of 8 and 488.
8
Calculate the greatest common divisor of 1600 and 300.
100
What is the greatest common divisor of 299 and 943?
23
What is the greatest common factor of 110 and 3916?
22
What is the greatest common factor of 11 and 101?
1
Calculate the greatest common divisor of 405 and 5.
5
What is the greatest common factor of 240 and 192?
48
What is the